77 prime?
False
Is 1785241 a prime number?
True
Is 1167807 composite?
True
Is 216703 a prime number?
True
Is 4664869 prime?
False
Is 1044079 composite?
False
Is 20864765 composite?
True
Is 4369649 composite?
False
Is 1582397 a prime number?
False
Is 54932069 a composite number?
True
Is 522617023 prime?
True
Is 26088803 a composite number?
True
Is 676543771 a composite number?
True
Is 132390131 composite?
True
Is 2532721 a prime number?
True
Is 70872161 prime?
True
Is 7126646 composite?
True
Is 80342219 a composite number?
False
Is 157969 a prime number?
False
Is 9594939 a composite number?
True
Is 19309217 a composite number?
False
Is 37533857 prime?
False
Is 189236719 prime?
False
Is 438439 composite?
False
Is 16638361 composite?
True
Is 36946291 a prime number?
True
Is 87509 a prime number?
True
Is 6766586 prime?
False
Is 43317787 a composite number?
True
Is 959436901 composite?
True
Is 5809187 a composite number?
True
Is 303261991 a prime number?
True
Is 79193971 prime?
False
Is 770619 prime?
False
Is 960569 composite?
False
Is 163941 a composite number?
True
Is 13381 a composite number?
False
Is 1957469 prime?
True
Is 683954695 prime?
False
Is 9427459 a composite number?
False
Is 5286241 prime?
False
Is 770359 composite?
False
Is 167393 composite?
False
Is 113100497 a composite number?
False
Is 91454021 a prime number?
True
Is 50087489 a composite number?
True
Is 757240729 a prime number?
False
Is 9496043 composite?
False
Is 786393511 prime?
True
Is 1192333 a prime number?
False
Is 19441471 a prime number?
False
Is 750410537 a composite number?
False
Is 89322241 composite?
False
Is 55574363 composite?
True
Is 56633237 composite?
True
Is 4374241 prime?
False
Is 24743129 prime?
True
Is 1028837 a prime number?
True
Is 5131481 composite?
False
Is 41706097 prime?
False
Is 278805521 prime?
True
Is 18961763 composite?
True
Is 54972707 a composite number?
False
Is 4569121 prime?
False
Is 4772021 a prime number?
False
Is 3023123 a composite number?
False
Is 309017 prime?
False
Is 20600891 prime?
False
Is 637411969 prime?
True
Is 24213913 a prime number?
True
Is 27924359 prime?
True
Is 75033227 composite?
False
Is 2139911 prime?
True
Is 436061 a composite number?
False
Is 105618991 a prime number?
True
Is 93900661 a prime number?
False
Is 18510871 prime?
False
Is 2030363 a prime number?
True
Is 515951 prime?
True
Is 487540279 a prime number?
True
Is 633341 a prime number?
False
Is 156856827 composite?
True
Is 523117 prime?
False
Is 449695 a prime number?
False
Is 19247561 a prime number?
False
Is 8173409 a prime number?
False
Is 18424123 a prime number?
False
Is 692227 a prime number?
False
Is 469281391 prime?
False
Is 26994503 prime?
False
Is 1692681 a prime number?
False
Is 4116733 composite?
True
Is 206839219 composite?
True
Is 7867487 a composite number?
True
Is 1582627 composite?
True
Is 98664151 prime?
True
Is 15711973 a composite number?
False
Is 152965391 composite?
False
Is 3641951 a composite number?
False
Is 4742239 a composite number?
False
Is 35785807 a composite number?
False
Is 386688367 a composite number?
True
Is 3014783 prime?
False
Is 18230061 a composite number?
True
Is 11527973 a prime number?
True
Is 368777077 a prime number?
True
Is 239436331 composite?
False
Is 86263511 a composite number?
True
Is 1118219 a prime number?
True
Is 2465989 a prime number?
True
Is 7900411 a prime number?
True
Is 99896081 prime?
True
Is 191952317 prime?
True
Is 112135883 composite?
False
Is 45921583 a composite number?
True
Is 695861 a prime number?
False
Is 19200163 a composite number?
False
Is 3599171 composite?
False
Is 5167549 a prime number?
True
Is 1808197 a prime number?
False
Is 11116855 composite?
True
Is 21511979 prime?
True
Is 34369201 a composite number?
False
Is 518554585 composite?
True
Is 353081 composite?
False
Is 226635953 a composite number?
True
Is 16709149 prime?
True
Is 26028451 composite?
True
Is 34962467 a prime number?
True
Is 5243159 a prime number?
False
Is 395339 a prime number?
False
Is 3895631 a composite number?
True
Is 18269191 a prime number?
False
Is 168843919 composite?
False
Is 49404961 a prime number?
False
Is 14201483 a composite number?
False
Is 52859 a prime number?
True
Is 2532737 prime?
False
Is 171060587 a composite number?
False
Is 13214077 a prime number?
False
Is 13661071 prime?
True
Is 13083203 a prime number?
False
Is 1116150305 a composite number?
True
Is 2115221 a composite number?
False
Is 13275503 a composite number?
False
Is 7692863 a prime number?
True
Is 410231 prime?
True
Is 4865051 composite?
False
Is 11540953 a prime number?
True
Is 10020557 prime?
False
Is 11426461 prime?
False
Is 4650565 composite?
True
Is 5341066 a prime number?
False
Is 1822573 a prime number?
False
Is 32797013 composite?
False
Is 2636753 a composite number?
True
Is 15969439 a composite number?
False
Is 546667 composite?
True
Is 1272233 a prime number?
True
Is 1534595113 prime?
True
Is 13809281 prime?
False
Is 406129 prime?
False
Is 1282781 composite?
False
Is 3660779 a composite number?
True
Is 830549 a composite number?
False
Is 23838583 a composite number?
True
Is 73445971 a composite number?
False
Is 115533469 a composite number?
False
Is 81813 prime?
False
Is 112831 a composite number?
False
Is 20028479 prime?
False
Is 17774249 prime?
True
Is 25365469 a prime number?
False
Is 118096471 a composite number?
False
Is 102742151 composite?
False
Is 1353961849 composite?
False
Is 15442099 composite?
True
Is 12899851 prime?
True
Is 985373 composite?
True
Is 6776051 a prime number?
True
Is 5351233 prime?
False
Is 4688939 prime?
False
Is 194755177 a composite number?
False
Is 171730763 prime?
True
Is 212973691 prime?
False
Is 33593933 a prime number?
True
Is 1360978 a composite number?
True
Is 36015871 a composite number?
True
Is 8623987 a prime number?
False
Is 34536538 composite?
True
Is 54429157 composite?
True
Is 533633 a composite number?
False
Is 1607965 prime?
False
Is 1159643 prime?
False
Is 1678493 a prime number?
False
Is 5875187 composite?
False
Is 23307743 a composite number?
True
Is 17150271 a composite number?
True
Is 2432981 a composite number?
True
Is 1637147 a composite number?
False
Is 174827309 a prime number?
True
Is 146539703 prime?
False
Is 1392503 composite?
True
Is 356361 a composite number?
True
Is 77471857 a prime number?
True
Is 3981253 a prime number?
True
Is 91951033 prime?
False
Is 64267639 a prime number?
True
Is 6940717 a composite number?
True
Is 1162361 a composite number?
False
Is 155593 a prime number?
True
Is 403219 prime?
True
Is 375653 a prime number?
False
Is 2060959 a composite number?
True
Is 3104859 composite?
True
Is 797073383 a composite number?
False
Is 100129 a composite number?
False
Is 1465459 prime?
False
Is 36818786 a composite number?
True
Is 480899407 composite?
False
Is 45742493 a prime number?
True
Is 1616519 a prime number?
True
Is 11084483 prime?
False
Is 223683209 a composite number?
False
Is 793254421 a composite number?
False
Is 3749647 a prime number?
False
Is 202498693 a composite number?
True
Is 61992431 prime?
True
Is 5842834 a composite number?
True
Is 36871049 a composite number?
False
Is 5625937 prime?
True
Is 14329039 prime?
True
Is 1292509 a prime number?
True
Is 1205789 a prime number?
False
Is 3520331 prime?
False
Is 3601123 a composite number?
False
Is 674059 prime?
True
Is 14684803 composite?
True
Is 16470946 a prime number?
False
Is 5383 a composite number?
True
Is 2731094 prime?
False
Is 41596799 a composite number?
False
Is 4254389 prime?
True
Is 201358907 composite?
False
Is 5173397 prime?
False
Is 6980101 a composite number?
False
Is 243495851 prime?
True
Is 16267319 a composite number?
True
Is 2194681 a composite number?
True
Is 195686237 a composite number?
False
Is 21865397 prime?
True
Is 1346885 a composite number?
True
Is 1386443 composite?
False
Is 603266171 prime?
True
Is 4279129 a prime number?
False
Is 102017687 a composite number?
False
Is 2290907 a composite number?
False
Is 32853761 composite?
False
Is 27551627 a prime number?
False
Is 7792121 prime?
True
Is 5723461 composite?
False
Is 21923839 a prime number?
False
Is 1537427 composite?
False
Is 8027563 composite?
False
Is 24261131 composite?
False
Is 208822189 a composite number?